r when 14440 is divided by 249.
247
What is the remainder when 1416 is divided by 80?
56
What is the remainder when 58 is divided by 23?
12
Calculate the remainder when 1529 is divided by 118.
113
Calculate the remainder when 43 is divided by 3.
1
Calculate the remainder when 168 is divided by 49.
21
Calculate the remainder when 691 is divided by 50.
41
What is the remainder when 460 is divided by 33?
31
What is the remainder when 157 is divided by 52?
1
Calculate the remainder when 58 is divided by 13.
6
What is the remainder when 132 is divided by 25?
7
What is the remainder when 108 is divided by 38?
32
Calculate the remainder when 181 is divided by 13.
12
Calculate the remainder when 448 is divided by 37.
4
What is the remainder when 88 is divided by 39?
10
Calculate the remainder when 386 is divided by 192.
2
Calculate the remainder when 149 is divided by 15.
14
What is the remainder when 1222 is divided by 68?
66
What is the remainder when 605 is divided by 18?
11
What is the remainder when 133 is divided by 61?
11
Calculate the remainder when 5246 is divided by 159.
158
What is the remainder when 72 is divided by 43?
29
Calculate the remainder when 8447 is divided by 33.
32
Calculate the remainder when 189 is divided by 60.
9
What is the remainder when 200 is divided by 111?
89
What is the remainder when 20061 is divided by 176?
173
What is the remainder when 464 is divided by 60?
44
What is the remainder when 97 is divided by 21?
13
Calculate the remainder when 49 is divided by 19.
11
Calculate the remainder when 643 is divided by 50.
43
What is the remainder when 380 is divided by 74?
10
Calculate the remainder when 637 is divided by 94.
73
What is the remainder when 3583 is divided by 56?
55
What is the remainder when 646 is divided by 94?
82
What is the remainder when 532 is divided by 235?
62
Calculate the remainder when 123 is divided by 30.
3
What is the remainder when 3685 is divided by 90?
85
Calculate the remainder when 923 is divided by 120.
83
Calculate the remainder when 174 is divided by 20.
14
Calculate the remainder when 462 is divided by 121.
99
What is the remainder when 77 is divided by 34?
9
What is the remainder when 181 is divided by 33?
16
What is the remainder when 30449 is divided by 75?
74
What is the remainder when 879 is divided by 11?
10
Calculate the remainder when 148 is divided by 57.
34
What is the remainder when 106 is divided by 19?
11
Calculate the remainder when 25 is divided by 23.
2
Calculate the remainder when 309 is divided by 26.
23
Calculate the remainder when 40 is divided by 31.
9
Calculate the remainder when 1388 is divided by 82.
76
Calculate the remainder when 1377 is divided by 35.
12
What is the remainder when 592 is divided by 56?
32
Calculate the remainder when 35 is divided by 9.
8
What is the remainder when 169 is divided by 44?
37
Calculate the remainder when 589 is divided by 37.
34
Calculate the remainder when 1139 is divided by 76.
75
Calculate the remainder when 56 is divided by 6.
2
Calculate the remainder when 13793 is divided by 209.
208
What is the remainder when 2041 is divided by 256?
249
Calculate the remainder when 1828 is divided by 183.
181
What is the remainder when 104 is divided by 24?
8
Calculate the remainder when 1203 is divided by 42.
27
Calculate the remainder when 12 is divided by 5.
2
What is the remainder when 653 is divided by 319?
15
Calculate the remainder when 128 is divided by 97.
31
What is the remainder when 263 is divided by 106?
51
Calculate the remainder when 1894 is divided by 12.
10
What is the remainder when 643 is divided by 71?
4
Calculate the remainder when 442 is divided by 320.
122
What is the remainder when 3537 is divided by 154?
149
What is the remainder when 334 is divided by 37?
1
Calculate the remainder when 128 is divided by 16.
0
What is the remainder when 301 is divided by 92?
25
What is the remainder when 319 is divided by 291?
28
Calculate the remainder when 734 is divided by 38.
12
What is the remainder when 175 is divided by 86?
3
Calculate the remainder when 1454 is divided by 27.
23
Calculate the remainder when 8031 is divided by 402.
393
What is the remainder when 6986 is divided by 241?
238
What is the remainder when 381 is divided by 48?
45
What is the remainder when 80 is divided by 41?
39
Calculate the remainder when 38599 is divided by 20.
19
What is the remainder when 42 is divided by 7?
0
What is the remainder when 179 is divided by 29?
5
Calculate the remainder when 932 is divided by 195.
152
Calculate the remainder when 186 is divided by 15.
6
Calculate the remainder when 12815 is divided by 48.
47
What is the remainder when 982 is divided by 82?
80
What is the remainder when 68 is divided by 10?
8
Calculate the remainder when 806 is divided by 202.
200
Calculate the remainder when 143 is divided by 6.
5
What is the remainder when 2246 is divided by 107?
106
Calculate the remainder when 1319 is divided by 60.
59
Calculate the remainder when 144 is divided by 48.
0
What is the remainder when 125 is divided by 33?
26
What is the remainder when 176 is divided by 59?
58
What is the remainder when 27 is divided by 5?
2
What is the remainder when 9573 is divided by 56?
53
What is the remainder when 379 is divided by 86?
35
What is the remainder when 1018 is divided by 500?
18
Calculate the remainder when 16382 is divided by 129.
128
Calculate the remainder when 1377 is divided by 8.
1
Calculate the remainder when 234 is divided by 41.
29
What is the remainder when 282 is divided by 110?
62
What is the remainder when 1679 is divided by 35?
34
What is the remainder when 1748 is divided by 10?
8
Calculate the remainder when 2243 is divided by 2233.
10
Calculate the remainder when 2197 is divided by 4.
1
What is the remainder when 174 is divided by 15?
9
Calculate the remainder when 1052 is divided by 117.
116
What is the remainder when 207 is divided by 16?
15
What is the remainder when 287 is divided by 5?
2
What is the remainder when 111 is divided by 36?
3
Calculate the remainder when 66 is divided by 10.
6
What is the remainder when 864 is divided by 22?
6
What is the remainder when 60 is divided by 2?
0
Calculate the remainder when 482 is divided by 58.
18
Calculate the remainder when 172 is divided by 11.
7
Calculate the remainder when 74 is divided by 2.
0
Calculate the remainder when 234 is divided by 116.
2
Calculate the remainder when 5716 is divided by 52.
48
Calculate the remainder when 116 is divided by 30.
26
Calculate the remainder when 285 is divided by 178.
107
What is the remainder when 16 is divided by 11?
5
Calculate the remainder when 64 is divided by 17.
13
What is the remainder when 51 is divided by 33?
18
What is the remainder when 63 is divided by 12?
3
Calculate the remainder when 1538 is divided by 67.
64
Calculate the remainder when 691 is divided by 24.
19
What is the remainder when 1071 is divided by 1041?
30
Calculate the remainder when 124 is divided by 12.
4
Calculate the remainder when 967 is divided by 137.
8
Calculate the remainder when 3402 is divided by 162.
0
Calculate the remainder when 14304 is divided by 10.
4
Calculate the remainder when 131 is divided by 75.
56
What is the remainder when 263 is divided by 23?
10
Calculate the remainder when 95 is divided by 9.
5
Calculate the remainder when 133 is divided by 28.
21
What is the remainder when 59 is divided by 11?
4
Calculate the remainder when 4600 is divided by 52.
24
Calculate the remainder when 77 is divided by 66.
11
Calculate the remainder when 4653 is divided by 16.
13
What is the remainder when 655 is divided by 74?
63
Calculate the remainder when 529 is divided by 52.
9
Calculate the remainder when 581 is divided by 18.
5
Calculate the remainder when 602 is divided by 103.
87
Calculate the remainder when 172 is divided by 75.
22
Calculate the remainder when 178 is divided by 12.
10
What is the remainder when 2247 is divided by 90?
87
What is the remainder when 388 is divided by 55?
3
Calculate the remainder when 626 is divided by 9.
5
Calculate the remainder when 1387 is divided by 16.
11
What is the remainder when 288 is divided by 97?
94
Calculate the remainder when 57 is divided by 40.
17
What is the remainder when 7